Suppose 3*i - 8*i = -5. Let g(r) = r - 1. Let m(y) = i*p(y) + 3*g(y). Give m(-3).
-1
Let o(p) be the first derivative of p**4/4 - p**3/3 - 7*p - 1. Let s = 0 + 0. Give o(s).
-7
Let n(x) be the second derivative of x**8/6720 - x**7/630 + x**6/360 - x**5/24 + x**4/4 - x. Let r(h) be the third derivative of n(h). What is r(4)?
3
Let y(d) = d**3. Let l(r) = -r**3 + r + 1. Let f(m) = l(m) + 2*y(m). Let b(j) = -5*j**3 - 7*j - 5. Let i(s) = -b(s) - 6*f(s). Give i(-2).
5
Let b = 8 + -5. Let t(z) = -9*z + 9. Let l(c) = 4*c - 4. Let s(y) = 14*l(y) + 6*t(y). Determine s(b).
4
Let i(b) = -3*b. Let f(t) = t**3 - 12*t**2 - 13*t - 1. Let o be f(13). Determine i(o).
3
Let b(y) = -4*y**3 + y. Let p be b(1). Let t(z) = -z**2 - 3*z - 2. Let i(d) = -1. Suppose -6*r + 3*r - 3 = 0. Let s(a) = r*t(a) + 5*i(a). Determine s(p).
-3
Let a(w) = w**2 + 6*w - 5. Let k(m) = 2*m**2 + 7*m - 6. Let x(z) = 7*a(z) - 6*k(z). Determine x(-1).
-4
Suppose 4*p - p = -3*t - 9, -4*p - 3*t = 9. Let m be 4 - p/(-2 - -1). Let i(v) = -v**2 + 3*v - 4. Give i(m).
-8
Let p(r) be the first derivative of r**5/120 + r**4/24 - 4*r**3/3 - 1. Let g(w) be the third derivative of p(w). Determine g(3).
4
Let w(s) = s**2 - 5. Let t(p) = -2*p**2 + 9. Let f(x) = 2*t(x) + 5*w(x). Let o(n) = -2*n**2 - n + 13. Let m(k) = 11*f(k) + 6*o(k). Calculate m(-5).
6
Let g(h) be the third derivative of -1/120*h**6 - h**2 - 1/60*h**5 - 1/24*h**4 + 0*h + 0 + 0*h**3. Let o = 0 + -1. What is g(o)?
1
Let a = 59 + -35. Let v(i) = -3 + 21*i - 2*i**2 - a*i - i**3 - 2*i**2. Calculate v(-4).
9
Let t(k) = -k**3 - 5. Let i be 5 - (0 + (-2 - -3)). Suppose -i*m = -3*m. Give t(m).
-5
Let l = 12 + -17. Let n(t) be the second derivative of t**4/12 + 2*t**3/3 - 3*t**2 + t. Give n(l).
-1
Let s(a) = -5*a**2 - 5*a - 15 + 17 + 4*a**3 + 10*a - 3*a**3. Give s(4).
6
Let x(a) be the third derivative of -a**9/60480 - a**8/4032 - a**7/840 - a**6/180 - a**5/15 - 3*a**2. Let s(b) be the third derivative of x(b). Calculate s(-4).
4
Let n(r) = r + 5. Let c(v) = v + 6. Let y(b) = 5*c(b) - 6*n(b). Determine y(3).
-3
Let f = -11 + 8. Let g be 14/4 - (-16)/(-32). Let y(w) = 7*w + w**2 + 11*w**3 - 12*w - 3 - 10*w**g. What is y(f)?
-6
Suppose q + 16 = -10. Let j be (q/8 + 2)*8. Let n be 0*(j/4)/(-5). Let f(m) = m - 6. Determine f(n).
-6
Let q(k) be the third derivative of k**4/24 - k**3/6 + 5*k**2. Let r(i) = -2*i + 2. Let y(p) = -5*q(p) - 3*r(p). Calculate y(-2).
-3
Let h(d) = -d**3 - 5*d**2 - d - 4. Suppose 0 = -2*g + 2 - 18. Let z = -8 - g. Suppose -4*f = w + 4*w + 10, f - w + 7 = z. Determine h(f).
1
Let d be ((-3)/2*2)/(-1). Let k = 13 - 7. Let m(j) = 7*j**3 - k*j**d - 2 + 3*j**2 + 1. Calculate m(-3).
-1
Suppose 4*r - 120 = 7*r. Let q be (2/(-4))/((-4)/r). Let x(a) = 5*a + a**3 + 0*a**3 - 2*a**3 - 4*a**2 - 4. Determine x(q).
-4
Let j(s) = 74*s + 0 - 70*s + 4. Determine j(-3).
-8
Let q = 190 - 115. Let t be (-2)/8 + q/(-20). Let a(l) = -l**2 - 4 + 2 - 3 - 7*l. Give a(t).
7
Let t(n) be the first derivative of -n**4/4 + 2*n**3/3 - n**2 + n + 11. Give t(1).
0
Let p(v) = -14*v + 1. Let c be ((-3)/(-2))/(2/(-4)). Let o(i) = -14*i + 1. Let g(t) = c*o(t) + 2*p(t). Give g(1).
13
Let c(r) be the third derivative of r**5/12 - r**4/12 + 3*r**3/2 - 2*r**2. Let u(t) = -4*t**2 + 3*t - 8. Let h(w) = 3*c(w) + 4*u(w). What is h(4)?
3
Let p(r) be the second derivative of -r**3/3 + 3*r**2/2 - 20*r. Give p(2).
-1
Let l(x) = -x**2 - 3*x. Let d(b) = -b**2 - 3*b. Let j(c) = -6*d(c) + 7*l(c). Give j(-4).
-4
Let n(a) = 4*a + 2. Let x be 5/(-3) + (0 - 5/15). Calculate n(x).
-6
Suppose 0 = -4*j + 4, -k = 2*j - 5*j + 5. Let g(b) be the second derivative of b**5/20 + b**4/6 - b**2/2 - b. Determine g(k).
-1
Let z be (9/6)/((-2)/(-4)). Let x = -3 + z. Let k(a) = -a - 4. Let g(q) = q + 3. Let b(u) = 4*g(u) + 3*k(u). Calculate b(x).
0
Let q = -122 - -127. Let y = -2 - -4. Let h(k) = k**y - 4*k + 2*k - 7 - k. Give h(q).
3
Suppose -2*u = 8, -5*f - 4*u + 0*u = 16. Let j(m) = f*m + m - 2*m + 3*m**2 - 2*m**2 + 1. Calculate j(2).
3
Let w(p) = -8*p**3 - 12*p**2 + 6*p - 9. Let n(a) = -3*a**3 - 4*a**2 + 2*a - 3. Let v(i) = 11*n(i) - 4*w(i). Let k = -9 + 12. Give v(k).
6
Suppose -16 = -5*g + 4. Let q(t) = -2 - t**2 - g*t - 2*t - 4. What is q(-5)?
-1
Let f(o) = -2*o - 1. Suppose -4 = -2*m + 2*b, 0*m - 4*b - 4 = -2*m. What is f(m)?
-5
Let k(a) = a**3 + 4*a**2 - 2*a - 4. Suppose -6 = -16*q + 18*q. What is k(q)?
11
Let i(m) be the first derivative of -m**4/4 - 4*m**3/3 - m**2 + 3*m + 65. What is i(-4)?
11
Let s = 7 + -3. Let b(f) = f**2 - f - 5. What is b(s)?
7
Let q(p) = p**3 + 4*p**2 - 4. Let l(y) = 2*y + 5. Let v be 4/(-1 + (-5)/(-3)). Let o(u) = u**3 - 7*u**2 + 4*u + 8. Let a be o(v). Let g be l(a). What is q(g)?
5
Let q(m) = -m**2 + 5. Let k be q(4). Let c(l) = -l**2 - 11*l + 6. Calculate c(k).
6
Let j(r) = -r**2 + 3*r + 2. Let b be j(3). Let m(w) be the third derivative of -w**5/60 + w**4/24 - w**2. What is m(b)?
-2
Let l(n) = -n + n**2 + 9 + 2 - 16. Determine l(5).
15
Let n(c) be the third derivative of c**4/12 + c**3/6 + 2*c**2 + 26. Let w(j) = 4*j**2 - 1. Let p be w(1). Give n(p).
7
Suppose 20 = -4*g + 8. Let b(w) = -w + 1. What is b(g)?
4
Suppose 3*g - 1 = 11. Let p(j) = -2*j**2 + 0 - g*j**2 - 1 + 2*j. Let d(w) = w**3 + 1. Let q be d(0). Determine p(q).
-5
Let v(t) = -18 - 5*t - 13 + 37. What is v(4)?
-14
Let d(i) = -5*i + 1. Suppose -14*b = 47 - 19. Calculate d(b).
11
Let u(j) = 14*j + 17. Let q(g) = -5*g - 6. Let w(b) = -17*q(b) - 6*u(b). Calculate w(-3).
-3
Let h(q) = 5*q - 2 - 12*q + 9*q + 2*q**2. What is h(-3)?
10
Let m(f) be the third derivative of -f**7/5040 - f**6/120 + f**5/15 + 7*f**2. Let q(r) be the third derivative of m(r). Calculate q(-3).
-3
Suppose -q + 5 = -0. Suppose -3 + 1 = -w, q*r = -3*w + 1. Let i(l) = 3*l - 1. Let g(h) = -1. Let a(f) = 2*g(f) - i(f). Determine a(r).
2
Suppose 2*h = 2*o + 4, 4*h - 5 = -1. Let v(r) = -2. Let z(c) = -3. Let d(y) = 5*v(y) - 3*z(y). Let i(p) = -3*p - 6. Let g(u) = o*i(u) + 5*d(u). Give g(-3).
-8
Let x(f) be the first derivative of 2*f**3/3 - f**2 + 5. Let g(i) = -3*i - 1. Let z be g(-2). Let r = z - 3. What is x(r)?
4
Let a(w) = 2*w**3 - 4*w**2 + 2*w. Let t be 2 + 0/5*(1 - 0). What is a(t)?
4
Let j be (-3 - -1)/((-2)/(-3)). Let z be 2*((1 - -1) + -1). Let u(n) = 3 - 5*n - 2 + n**3 + n**z - 3. Calculate u(j).
-5
Let s(i) = 3*i + 3. Let p(z) = 3*z + 4. Let d be p(-3). Suppose 0 = 3*q + 2*f + 23 + 2, -3*q + f - 19 = 0. Let g = q - d. What is s(g)?
-3
Suppose 2*y - 4*j - 4 = 0, -3*j - 18 + 6 = -3*y. Let a(p) = -y*p - p**2 + 3 + 9*p**2 - 7*p**2. Determine a(6).
3
Let a(c) = c - 9. Let s(o) = o - 17. Let f(i) = 5*a(i) - 3*s(i). What is f(-5)?
-4
Let j(a) = a. Let q(y) = y**3 + 9*y**2 - 6*y + 1. Let d(s) = -6*j(s) - q(s). Let u be d(-9). Let k(v) = 5*v**2 - v - 1. Give k(u).
5
Suppose 3*o = 3*j - 15, -j = -6*j - 5*o + 45. Let q(h) = -2*h - j*h + 6*h - 1. Let d(t) = t - 3. Let a be d(0). What is q(a)?
8
Let p(v) be the first derivative of 3*v**2/2 + v - 9. Calculate p(1).
4
Let q(f) = 2*f**3 - f**2 - f. Suppose 13 = -s + 12. Calculate q(s).
-2
Let a(v) = v**3 + 4*v**2 - 7*v - 3. Let o be (-8)/4*-1 + -7. Determine a(o).
7
Let d(s) be the first derivative of -2 + 1/4*s**4 + 2*s - 1/2*s**2 + s**3. Suppose 0 = -2*a - 5 - 1. Calculate d(a).
5
Let s(q) be the first derivative of -q**4/4 + 4*q**3/3 + 3*q**2/2 + 7*q + 1. Suppose -3*m + 2*m - 8 = -u, -2*u - 5*m = 5. Determine s(u).
-3
Let k(z) be the second derivative of -1/30*z**5 - z**2 - 2*z + 0*z**3 - 1/12*z**6 + 0 - 1/24*z**4. Let t(h) be the first derivative of k(h). Determine t(-1).
9
Let j(l) = -l**3 - 4*l**2 - 2*l + 1. Let s(p) = -p**3 + 6*p**2 - 4*p + 2. Let y be s(5). Let q(c) = -c**2 + 6*c + 3. Let d be q(y). Give j(d).
9
Let v be (-2 - 0)/4*-4. Let a(b) be the second derivative of -7*b**3/6 - b**2/2 - 3*b - 19. Calculate a(v).
-15
Let g(s) = -3*s - 4. Let f(t) = -3*t - 4. Let j(z) = 4*f(z) - 3*g(z). Let i be (-4*(-6)/4)/(-2). What is j(i)?
5
Suppose z + 5 = -2*o + 4, -2*z - o + 1 = 0. Let k(i) be the first derivative of 3*i + 1/3*i**3 + 0*i**2 + z. What is k(0)?
3
Let k(q) = 3*q + 0 + 9*q + 1 - q**2 - 4*q. Let a = -15 - -22. What is k(a)?
8
Suppose 0 = -4*g - 1 + 5. Let a(k) = 11*k + 7. Suppose -23 = 3*i + 2*u, -2*i - 2*u = -4*u + 2. Let l(r) = -10*r - 6. Let x(t) = i*a(t) - 6*l(t). W